{"id":62855,"date":"2025-12-03T08:26:23","date_gmt":"2025-12-03T08:26:23","guid":{"rendered":"https:\/\/macambients.com\/?post_type=product&#038;p=62855"},"modified":"2026-04-16T09:19:09","modified_gmt":"2026-04-16T09:19:09","slug":"sofa-siena-15","status":"publish","type":"product","link":"https:\/\/macambients.com\/es\/product\/sofa-siena-15\/","title":{"rendered":"SOF\u00c1 SIENA &#8211; OFERTA"},"content":{"rendered":"<p>Sof\u00e1 3 plazas de muelle ensacado de 191 cm. Dos asientos relax con motor.<\/p>\n<p>Opci\u00f3n de sill\u00f3n relax motorizado con sistema de elevaci\u00f3n power lift.<\/p>\n<p>Producto entrega inmediata en ropa Brooklyn color Antracita.<\/p>\n<p>&nbsp;<\/p>\n<p>Disponible en otros colores.<\/p>\n<p><strong>TRANSPORTE Y MONTAJE INCLUIDOS EN EL PRECIO.<\/strong><\/p>\n<p><span style=\"color: #000080;\"><strong>Encuentra esta y otras opciones en nuestras tiendas MAC. \u00a1Inf\u00f3rmate ahora sin compromiso!<\/strong><\/span><\/p>\n","protected":false},"excerpt":{"rendered":"<p>Sof\u00e1 3 plazas de muelle ensacado de 191 cm. Dos asientos relax con motor. Opci\u00f3n de sill\u00f3n relax motorizado con sistema de elevaci\u00f3n power lift. Producto entrega inmediata en ropa Brooklyn color Antracita. &nbsp; Disponible en otros colores. TRANSPORTE Y MONTAJE INCLUIDOS EN EL PRECIO. Encuentra esta y otras opciones en nuestras tiendas MAC. \u00a1Inf\u00f3rmate [&hellip;]<\/p>\n","protected":false},"featured_media":59403,"template":"","meta":{"_acf_changed":false,"_joinchat":[]},"product_cat":[661,663,728],"product_tag":[],"class_list":{"0":"post-62855","1":"product","2":"type-product","3":"status-publish","4":"has-post-thumbnail","6":"product_cat-sofas","7":"product_cat-butacas","8":"product_cat-composiciones-sofas","9":"pa_mida-sofa-butaca-es","10":"pa_mida-sofa-sofa-3pl-191-cm-es","11":"pa_sistema-butaca-relax-electrico","12":"pa_sistemes-relaxacio-electric","14":"first","15":"instock","16":"sale","17":"taxable","18":"shipping-taxable","19":"purchasable","20":"product-type-variable"},"acf":[],"yoast_head":"<!-- This site is optimized with the Yoast SEO plugin v23.3 - https:\/\/yoast.com\/wordpress\/plugins\/seo\/ -->\n<title>SOF\u00c1 SIENA - OFERTA - MAC - Ambients Singulars<\/title>\n<meta name=\"robots\" content=\"index, follow, max-snippet:-1, max-image-preview:large, max-video-preview:-1\" \/>\n<link rel=\"canonical\" href=\"https:\/\/macambients.com\/es\/product\/sofa-siena-15\/\" \/>\n<meta property=\"og:locale\" content=\"es_ES\" \/>\n<meta property=\"og:type\" content=\"article\" \/>\n<meta property=\"og:title\" content=\"SOF\u00c1 SIENA - OFERTA - MAC - Ambients Singulars\" \/>\n<meta property=\"og:description\" content=\"Sof\u00e1 3 plazas de muelle ensacado de 191 cm. Dos asientos relax con motor. Opci\u00f3n de sill\u00f3n relax motorizado con sistema de elevaci\u00f3n power lift. Producto entrega inmediata en ropa Brooklyn color Antracita. &nbsp; Disponible en otros colores. TRANSPORTE Y MONTAJE INCLUIDOS EN EL PRECIO. Encuentra esta y otras opciones en nuestras tiendas MAC. \u00a1Inf\u00f3rmate [&hellip;]\" \/>\n<meta property=\"og:url\" content=\"https:\/\/macambients.com\/es\/product\/sofa-siena-15\/\" \/>\n<meta property=\"og:site_name\" content=\"MAC - Ambients Singulars\" \/>\n<meta property=\"article:modified_time\" content=\"2026-04-16T09:19:09+00:00\" \/>\n<meta property=\"og:image\" content=\"https:\/\/macambients.com\/wp-content\/uploads\/2025\/06\/Siena.jpg\" \/>\n\t<meta property=\"og:image:width\" content=\"1600\" \/>\n\t<meta property=\"og:image:height\" content=\"1120\" \/>\n\t<meta property=\"og:image:type\" content=\"image\/jpeg\" \/>\n<meta name=\"twitter:card\" content=\"summary_large_image\" \/>\n<meta name=\"twitter:label1\" content=\"Tiempo de lectura\" \/>\n\t<meta name=\"twitter:data1\" content=\"1 minuto\" \/>\n<script type=\"application\/ld+json\" class=\"yoast-schema-graph\">{\"@context\":\"https:\/\/schema.org\",\"@graph\":[{\"@type\":\"WebPage\",\"@id\":\"https:\/\/macambients.com\/es\/product\/sofa-siena-15\/\",\"url\":\"https:\/\/macambients.com\/es\/product\/sofa-siena-15\/\",\"name\":\"SOF\u00c1 SIENA - OFERTA - MAC - Ambients Singulars\",\"isPartOf\":{\"@id\":\"https:\/\/macambients.com\/es\/#website\"},\"primaryImageOfPage\":{\"@id\":\"https:\/\/macambients.com\/es\/product\/sofa-siena-15\/#primaryimage\"},\"image\":{\"@id\":\"https:\/\/macambients.com\/es\/product\/sofa-siena-15\/#primaryimage\"},\"thumbnailUrl\":\"https:\/\/macambients.com\/wp-content\/uploads\/2025\/06\/Siena.jpg\",\"datePublished\":\"2025-12-03T08:26:23+00:00\",\"dateModified\":\"2026-04-16T09:19:09+00:00\",\"breadcrumb\":{\"@id\":\"https:\/\/macambients.com\/es\/product\/sofa-siena-15\/#breadcrumb\"},\"inLanguage\":\"es\",\"potentialAction\":[{\"@type\":\"ReadAction\",\"target\":[\"https:\/\/macambients.com\/es\/product\/sofa-siena-15\/\"]}]},{\"@type\":\"ImageObject\",\"inLanguage\":\"es\",\"@id\":\"https:\/\/macambients.com\/es\/product\/sofa-siena-15\/#primaryimage\",\"url\":\"https:\/\/macambients.com\/wp-content\/uploads\/2025\/06\/Siena.jpg\",\"contentUrl\":\"https:\/\/macambients.com\/wp-content\/uploads\/2025\/06\/Siena.jpg\",\"width\":1600,\"height\":1120},{\"@type\":\"BreadcrumbList\",\"@id\":\"https:\/\/macambients.com\/es\/product\/sofa-siena-15\/#breadcrumb\",\"itemListElement\":[{\"@type\":\"ListItem\",\"position\":1,\"name\":\"Home\",\"item\":\"https:\/\/macambients.com\/es\/\"},{\"@type\":\"ListItem\",\"position\":2,\"name\":\"Shop\",\"item\":\"https:\/\/macambients.com\/es\/shop\/\"},{\"@type\":\"ListItem\",\"position\":3,\"name\":\"SOF\u00c1 SIENA &#8211; OFERTA\"}]},{\"@type\":\"WebSite\",\"@id\":\"https:\/\/macambients.com\/es\/#website\",\"url\":\"https:\/\/macambients.com\/es\/\",\"name\":\"MAC - Ambients Singulars\",\"description\":\"\",\"publisher\":{\"@id\":\"https:\/\/macambients.com\/es\/#organization\"},\"potentialAction\":[{\"@type\":\"SearchAction\",\"target\":{\"@type\":\"EntryPoint\",\"urlTemplate\":\"https:\/\/macambients.com\/es\/?s={search_term_string}\"},\"query-input\":\"required name=search_term_string\"}],\"inLanguage\":\"es\"},{\"@type\":\"Organization\",\"@id\":\"https:\/\/macambients.com\/es\/#organization\",\"name\":\"MAC - Ambients Singulars\",\"url\":\"https:\/\/macambients.com\/es\/\",\"logo\":{\"@type\":\"ImageObject\",\"inLanguage\":\"es\",\"@id\":\"https:\/\/macambients.com\/es\/#\/schema\/logo\/image\/\",\"url\":\"https:\/\/macambients.com\/wp-content\/uploads\/2022\/12\/logo.png\",\"contentUrl\":\"https:\/\/macambients.com\/wp-content\/uploads\/2022\/12\/logo.png\",\"width\":270,\"height\":55,\"caption\":\"MAC - Ambients Singulars\"},\"image\":{\"@id\":\"https:\/\/macambients.com\/es\/#\/schema\/logo\/image\/\"}}]}<\/script>\n<!-- \/ Yoast SEO plugin. -->","yoast_head_json":{"title":"SOF\u00c1 SIENA - OFERTA - MAC - Ambients Singulars","robots":{"index":"index","follow":"follow","max-snippet":"max-snippet:-1","max-image-preview":"max-image-preview:large","max-video-preview":"max-video-preview:-1"},"canonical":"https:\/\/macambients.com\/es\/product\/sofa-siena-15\/","og_locale":"es_ES","og_type":"article","og_title":"SOF\u00c1 SIENA - OFERTA - MAC - Ambients Singulars","og_description":"Sof\u00e1 3 plazas de muelle ensacado de 191 cm. Dos asientos relax con motor. Opci\u00f3n de sill\u00f3n relax motorizado con sistema de elevaci\u00f3n power lift. Producto entrega inmediata en ropa Brooklyn color Antracita. &nbsp; Disponible en otros colores. TRANSPORTE Y MONTAJE INCLUIDOS EN EL PRECIO. Encuentra esta y otras opciones en nuestras tiendas MAC. \u00a1Inf\u00f3rmate [&hellip;]","og_url":"https:\/\/macambients.com\/es\/product\/sofa-siena-15\/","og_site_name":"MAC - Ambients Singulars","article_modified_time":"2026-04-16T09:19:09+00:00","og_image":[{"width":1600,"height":1120,"url":"https:\/\/macambients.com\/wp-content\/uploads\/2025\/06\/Siena.jpg","type":"image\/jpeg"}],"twitter_card":"summary_large_image","twitter_misc":{"Tiempo de lectura":"1 minuto"},"schema":{"@context":"https:\/\/schema.org","@graph":[{"@type":"WebPage","@id":"https:\/\/macambients.com\/es\/product\/sofa-siena-15\/","url":"https:\/\/macambients.com\/es\/product\/sofa-siena-15\/","name":"SOF\u00c1 SIENA - OFERTA - MAC - Ambients Singulars","isPartOf":{"@id":"https:\/\/macambients.com\/es\/#website"},"primaryImageOfPage":{"@id":"https:\/\/macambients.com\/es\/product\/sofa-siena-15\/#primaryimage"},"image":{"@id":"https:\/\/macambients.com\/es\/product\/sofa-siena-15\/#primaryimage"},"thumbnailUrl":"https:\/\/macambients.com\/wp-content\/uploads\/2025\/06\/Siena.jpg","datePublished":"2025-12-03T08:26:23+00:00","dateModified":"2026-04-16T09:19:09+00:00","breadcrumb":{"@id":"https:\/\/macambients.com\/es\/product\/sofa-siena-15\/#breadcrumb"},"inLanguage":"es","potentialAction":[{"@type":"ReadAction","target":["https:\/\/macambients.com\/es\/product\/sofa-siena-15\/"]}]},{"@type":"ImageObject","inLanguage":"es","@id":"https:\/\/macambients.com\/es\/product\/sofa-siena-15\/#primaryimage","url":"https:\/\/macambients.com\/wp-content\/uploads\/2025\/06\/Siena.jpg","contentUrl":"https:\/\/macambients.com\/wp-content\/uploads\/2025\/06\/Siena.jpg","width":1600,"height":1120},{"@type":"BreadcrumbList","@id":"https:\/\/macambients.com\/es\/product\/sofa-siena-15\/#breadcrumb","itemListElement":[{"@type":"ListItem","position":1,"name":"Home","item":"https:\/\/macambients.com\/es\/"},{"@type":"ListItem","position":2,"name":"Shop","item":"https:\/\/macambients.com\/es\/shop\/"},{"@type":"ListItem","position":3,"name":"SOF\u00c1 SIENA &#8211; OFERTA"}]},{"@type":"WebSite","@id":"https:\/\/macambients.com\/es\/#website","url":"https:\/\/macambients.com\/es\/","name":"MAC - Ambients Singulars","description":"","publisher":{"@id":"https:\/\/macambients.com\/es\/#organization"},"potentialAction":[{"@type":"SearchAction","target":{"@type":"EntryPoint","urlTemplate":"https:\/\/macambients.com\/es\/?s={search_term_string}"},"query-input":"required name=search_term_string"}],"inLanguage":"es"},{"@type":"Organization","@id":"https:\/\/macambients.com\/es\/#organization","name":"MAC - Ambients Singulars","url":"https:\/\/macambients.com\/es\/","logo":{"@type":"ImageObject","inLanguage":"es","@id":"https:\/\/macambients.com\/es\/#\/schema\/logo\/image\/","url":"https:\/\/macambients.com\/wp-content\/uploads\/2022\/12\/logo.png","contentUrl":"https:\/\/macambients.com\/wp-content\/uploads\/2022\/12\/logo.png","width":270,"height":55,"caption":"MAC - Ambients Singulars"},"image":{"@id":"https:\/\/macambients.com\/es\/#\/schema\/logo\/image\/"}}]}},"_links":{"self":[{"href":"https:\/\/macambients.com\/es\/wp-json\/wp\/v2\/product\/62855"}],"collection":[{"href":"https:\/\/macambients.com\/es\/wp-json\/wp\/v2\/product"}],"about":[{"href":"https:\/\/macambients.com\/es\/wp-json\/wp\/v2\/types\/product"}],"wp:featuredmedia":[{"embeddable":true,"href":"https:\/\/macambients.com\/es\/wp-json\/wp\/v2\/media\/59403"}],"wp:attachment":[{"href":"https:\/\/macambients.com\/es\/wp-json\/wp\/v2\/media?parent=62855"}],"wp:term":[{"taxonomy":"product_cat","embeddable":true,"href":"https:\/\/macambients.com\/es\/wp-json\/wp\/v2\/product_cat?post=62855"},{"taxonomy":"product_tag","embeddable":true,"href":"https:\/\/macambients.com\/es\/wp-json\/wp\/v2\/product_tag?post=62855"}],"curies":[{"name":"wp","href":"https:\/\/api.w.org\/{rel}","templated":true}]}}

SOFÁ SIENA &#8211; OFERTA

<p>Sofá 3 plazas de muelle ensacado de 191 cm. Dos asientos relax con motor.</p>
<p>Opción de sillón relax motorizado con sistema de elevación power lift.</p>
<p>Producto entrega inmediata en ropa Brooklyn color Antracita.</p>
<p>&nbsp;</p>
<p>Disponible en otros colores.</p>
<p><strong>TRANSPORTE Y MONTAJE INCLUIDOS EN EL PRECIO.</strong></p>
<p><span style="color: #000080;"><strong>Encuentra esta y otras opciones en nuestras tiendas MAC. ¡Infórmate ahora sin compromiso!</strong></span></p>

<p>Sofá 3 plazas de muelle ensacado de 191 cm. Dos asientos relax con motor. Opción de sillón relax motorizado con sistema de elevación power lift. Producto entrega inmediata en ropa Brooklyn color Antracita. &nbsp; Disponible en otros colores. TRANSPORTE Y MONTAJE INCLUIDOS EN EL PRECIO. Encuentra esta y otras opciones en nuestras tiendas MAC. ¡Infórmate [&hellip;]</p>

<!-- This site is optimized with the Yoast SEO plugin v23.3 - https://yoast.com/wordpress/plugins/seo/ -->
<title>SOFÁ SIENA - OFERTA - MAC - Ambients Singulars</title>
<meta name="robots" content="index, follow, max-snippet:-1, max-image-preview:large, max-video-preview:-1" />
<link rel="canonical" href="https://macambients.com/es/product/sofa-siena-15/" />
<meta property="og:locale" content="es_ES" />
<meta property="og:type" content="article" />
<meta property="og:title" content="SOFÁ SIENA - OFERTA - MAC - Ambients Singulars" />
<meta property="og:description" content="Sofá 3 plazas de muelle ensacado de 191 cm. Dos asientos relax con motor. Opción de sillón relax motorizado con sistema de elevación power lift. Producto entrega inmediata en ropa Brooklyn color Antracita. &nbsp; Disponible en otros colores. TRANSPORTE Y MONTAJE INCLUIDOS EN EL PRECIO. Encuentra esta y otras opciones en nuestras tiendas MAC. ¡Infórmate [&hellip;]" />
<meta property="og:url" content="https://macambients.com/es/product/sofa-siena-15/" />
<meta property="og:site_name" content="MAC - Ambients Singulars" />
<meta property="article:modified_time" content="2026-04-16T09:19:09+00:00" />
<meta property="og:image" content="https://macambients.com/wp-content/uploads/2025/06/Siena.jpg" />
	<meta property="og:image:width" content="1600" />
	<meta property="og:image:height" content="1120" />
	<meta property="og:image:type" content="image/jpeg" />
<meta name="twitter:card" content="summary_large_image" />
<meta name="twitter:label1" content="Tiempo de lectura" />
	<meta name="twitter:data1" content="1 minuto" />
<script type="application/ld+json" class="yoast-schema-graph">{"@context":"https://schema.org","@graph":[{"@type":"WebPage","@id":"https://macambients.com/es/product/sofa-siena-15/","url":"https://macambients.com/es/product/sofa-siena-15/","name":"SOFÁ SIENA - OFERTA - MAC - Ambients Singulars","isPartOf":{"@id":"https://macambients.com/es/#website"},"primaryImageOfPage":{"@id":"https://macambients.com/es/product/sofa-siena-15/#primaryimage"},"image":{"@id":"https://macambients.com/es/product/sofa-siena-15/#primaryimage"},"thumbnailUrl":"https://macambients.com/wp-content/uploads/2025/06/Siena.jpg","datePublished":"2025-12-03T08:26:23+00:00","dateModified":"2026-04-16T09:19:09+00:00","breadcrumb":{"@id":"https://macambients.com/es/product/sofa-siena-15/#breadcrumb"},"inLanguage":"es","potentialAction":[{"@type":"ReadAction","target":["https://macambients.com/es/product/sofa-siena-15/"]}]},{"@type":"ImageObject","inLanguage":"es","@id":"https://macambients.com/es/product/sofa-siena-15/#primaryimage","url":"https://macambients.com/wp-content/uploads/2025/06/Siena.jpg","contentUrl":"https://macambients.com/wp-content/uploads/2025/06/Siena.jpg","width":1600,"height":1120},{"@type":"BreadcrumbList","@id":"https://macambients.com/es/product/sofa-siena-15/#breadcrumb","itemListElement":[{"@type":"ListItem","position":1,"name":"Home","item":"https://macambients.com/es/"},{"@type":"ListItem","position":2,"name":"Shop","item":"https://macambients.com/es/shop/"},{"@type":"ListItem","position":3,"name":"SOFÁ SIENA &#8211; OFERTA"}]},{"@type":"WebSite","@id":"https://macambients.com/es/#website","url":"https://macambients.com/es/","name":"MAC - Ambients Singulars","description":"","publisher":{"@id":"https://macambients.com/es/#organization"},"potentialAction":[{"@type":"SearchAction","target":{"@type":"EntryPoint","urlTemplate":"https://macambients.com/es/?s={search_term_string}"},"query-input":"required name=search_term_string"}],"inLanguage":"es"},{"@type":"Organization","@id":"https://macambients.com/es/#organization","name":"MAC - Ambients Singulars","url":"https://macambients.com/es/","logo":{"@type":"ImageObject","inLanguage":"es","@id":"https://macambients.com/es/#/schema/logo/image/","url":"https://macambients.com/wp-content/uploads/2022/12/logo.png","contentUrl":"https://macambients.com/wp-content/uploads/2022/12/logo.png","width":270,"height":55,"caption":"MAC - Ambients Singulars"},"image":{"@id":"https://macambients.com/es/#/schema/logo/image/"}}]}</script>
<!-- / Yoast SEO plugin. -->

SOFÁ SIENA - OFERTA - MAC - Ambients Singulars

Sofá 3 plazas de muelle ensacado de 191 cm. Dos asientos relax con motor. Opción de sillón relax motorizado con sistema de elevación power lift. Producto entrega inmediata en ropa Brooklyn color Antracita. &nbsp; Disponible en otros colores. TRANSPORTE Y MONTAJE INCLUIDOS EN EL PRECIO. Encuentra esta y otras opciones en nuestras tiendas MAC. ¡Infórmate [&hellip;]
